7354 and 114?
38
Calculate the greatest common divisor of 15594 and 16837.
113
Calculate the highest common divisor of 39277 and 1629.
181
What is the greatest common divisor of 23384 and 1432?
8
Calculate the highest common factor of 8398 and 663.
221
Calculate the highest common factor of 44 and 3553.
11
What is the greatest common factor of 62314 and 826?
14
Calculate the highest common divisor of 9693 and 27.
27
What is the highest common factor of 7222 and 96094?
46
What is the greatest common factor of 63372 and 20?
4
Calculate the highest common factor of 70 and 46165.
35
What is the highest common divisor of 60 and 948525?
15
What is the highest common factor of 94 and 2162?
94
What is the greatest common divisor of 5746 and 663?
221
What is the greatest common divisor of 20 and 31028?
4
What is the highest common divisor of 528 and 22638?
66
Calculate the greatest common divisor of 8685 and 360.
45
Calculate the greatest common factor of 908 and 459902.
454
What is the highest common factor of 15288 and 13818?
294
Calculate the highest common factor of 1270 and 277114.
254
What is the highest common factor of 4883 and 5472?
19
Calculate the highest common factor of 949175 and 25.
25
What is the highest common divisor of 152106 and 21837?
753
Calculate the greatest common factor of 28930 and 7040.
110
Calculate the greatest common factor of 63736 and 75640.
248
What is the highest common divisor of 6566 and 588?
98
What is the greatest common divisor of 340 and 558800?
20
What is the greatest common factor of 99 and 42207?
33
Calculate the highest common factor of 216928 and 32.
32
What is the greatest common factor of 6 and 758?
2
What is the highest common factor of 104 and 79963?
13
Calculate the greatest common factor of 1643 and 3233.
53
Calculate the highest common factor of 70777 and 28.
7
Calculate the greatest common divisor of 4422 and 37788.
402
What is the greatest common divisor of 980 and 31990?
70
Calculate the highest common factor of 50681 and 118.
59
What is the highest common divisor of 1131280 and 395?
395
Calculate the highest common factor of 2538 and 13630.
94
What is the highest common factor of 160750 and 250?
250
Calculate the highest common divisor of 377320 and 80.
40
Calculate the greatest common factor of 9732 and 84.
12
Calculate the greatest common divisor of 108 and 22668.
12
Calculate the highest common factor of 1862 and 2318.
38
Calculate the highest common divisor of 2606 and 16.
2
Calculate the highest common factor of 2261283 and 2595.
519
Calculate the greatest common factor of 460 and 8771740.
460
Calculate the greatest common factor of 1186692 and 26.
26
What is the highest common factor of 2 and 1764?
2
What is the highest common divisor of 133974 and 1818?
18
What is the greatest common divisor of 18898 and 88?
22
Calculate the greatest common factor of 143 and 130559.
143
Calculate the greatest common divisor of 4922211 and 63.
21
Calculate the greatest common factor of 112 and 17416.
56
Calculate the greatest common factor of 448 and 147168.
224
What is the greatest common factor of 3044789 and 93?
31
What is the greatest common factor of 120 and 16992?
24
What is the highest common factor of 576 and 3987?
9
What is the greatest common divisor of 1525 and 21838?
61
What is the greatest common factor of 2180122 and 14?
14
What is the highest common factor of 23700 and 553?
79
Calculate the greatest common factor of 954832 and 719.
719
Calculate the greatest common divisor of 11292017 and 11.
11
Calculate the greatest common divisor of 11387 and 177.
59
Calculate the highest common factor of 663 and 1512966.
663
What is the highest common factor of 227375 and 114597?
1819
Calculate the highest common divisor of 632 and 1343.
79
What is the highest common factor of 2 and 213060?
2
Calculate the greatest common factor of 3538 and 2806.
122
Calculate the greatest common factor of 35238 and 1302.
42
What is the highest common factor of 18045 and 4411?
401
What is the greatest common divisor of 1460 and 23287?
73
Calculate the highest common factor of 78100 and 8800.
1100
Calculate the highest common divisor of 109 and 2139888.
109
Calculate the highest common divisor of 13728 and 4983.
33
Calculate the greatest common divisor of 8085 and 24585.
165
Calculate the highest common factor of 77314 and 774.
86
Calculate the highest common factor of 550 and 20702.
22
Calculate the greatest common divisor of 2681520 and 280.
40
What is the greatest common divisor of 13298 and 3538?
122
Calculate the greatest common divisor of 44660 and 60.
20
What is the greatest common divisor of 160 and 248420?
20
Calculate the highest common divisor of 472 and 177000.
472
Calculate the greatest common divisor of 155 and 337745.
155
Calculate the highest common divisor of 54 and 47331.
27
What is the highest common factor of 128 and 286336?
128
Calculate the highest common divisor of 158685 and 138570.
2235
Calculate the highest common factor of 5046 and 14964.
174
Calculate the highest common divisor of 7950 and 24450.
150
Calculate the highest common divisor of 3077 and 12240.
17
What is the highest common factor of 1378 and 9568?
26
What is the highest common divisor of 4 and 11054?
2
What is the highest common divisor of 17163 and 243?
9
Calculate the highest common factor of 32 and 212.
4
Calculate the greatest common divisor of 13038 and 1431.
159
What is the greatest common factor of 970989 and 306?
51
What is the greatest common factor of 106029 and 408?
51
Calculate the greatest common divisor of 383144 and 1504.
376
Calculate the highest common factor of 46 and 8314270.
46
Calculate the greatest common factor of 2619 and 756.
27
What is the highest common factor of 2178 and 968?
242
Calculate the highest common factor of 45843 and 1575.
21
Calculate the highest common factor of 2898 and 7308.
126
What is the highest common factor of 13612 and 1660?
332
What is the highest common divisor of 7 and 82544?
7
What is the highest common factor of 927 and 234737?
103
What is the greatest common factor of 1666 and 1078?
98
What is the highest common factor of 14 and 875238?
14
Calculate the greatest common factor of 66 and 1041.
3
What is the highest common factor of 209 and 32566?
19
What is the greatest common factor of 735020 and 1276?
44
Calculate the greatest common factor of 44 and 2825152.
44
What is the greatest common divisor of 2937 and 256854?
267
What is the greatest common divisor of 465 and 184760?
155
What is the highest common divisor of 295897 and 35?
7
Calculate the highest common divisor of 3243515 and 17.
17
Calculate the greatest common factor of 21 and 419937.
21
What is the highest common factor of 70 and 24370?
10
What is the greatest common factor of 37308 and 204?
12
What is the greatest common factor of 1752 and 5952?
24
Calculate the greatest common divisor of 38246 and 390.
26
What is the highest common factor of 455 and 435435?
455
What is the highest common divisor of 115 and 267559?
23
Calculate the highest common factor of 235 and 30127.
47
Calculate the greatest common divisor of 2727 and 28886.
101
What is the greatest common divisor of 56 and 2840?
8
What is the highest common divisor of 11840 and 50616?
296
What is the highest common factor of 218064 and 66?
66
What is the greatest common divisor of 2488980 and 3120?
780
Calculate the greatest common factor of 514 and 270621.
257
What is the highest common factor of 393 and 60653?
131
What is the greatest common factor of 152999 and 1309?
77
What is the highest common factor of 2776 and 2236762?
694
What is the greatest common factor of 356 and 202386?
178
Calculate the highest common divisor of 2086 and 560.
14
Calculate the greatest common factor of 150 and 2210.
10
What is the greatest common divisor of 1760 and 25696?
352
What is the highest common divisor of 55274 and 870?
58
Calculate the greatest common divisor of 32805 and 360.
45
Calculate the highest common divisor of 762 and 2019554.
254
What is the greatest common divisor of 5 and 161425?
5
What is the highest common divisor of 801 and 31061?
89
Calculate the highest common factor of 77149 and 179.
179
What is the greatest common divisor of 2113386 and 6?
6
What i